{"id":3138,"date":"2017-08-21T15:07:05","date_gmt":"2017-08-21T13:07:05","guid":{"rendered":"http:\/\/www.region-schwabach.de\/wordpress\/?page_id=3138"},"modified":"2019-03-16T22:25:25","modified_gmt":"2019-03-16T21:25:25","slug":"restaurant-angebote","status":"publish","type":"page","link":"https:\/\/www.region-schwabach.de\/wordpress\/gastronomie\/restaurant-angebote\/","title":{"rendered":"Restaurant-Angebote"},"content":{"rendered":"\t\t<div data-elementor-type=\"wp-post\" data-elementor-id=\"3138\" class=\"elementor elementor-3138\">\n\t\t\t\t\t\t<section class=\"elementor-section elementor-top-section elementor-element elementor-element-amuostb elementor-section-boxed elementor-section-height-default elementor-section-height-default\" data-id=\"amuostb\" data-element_type=\"section\">\n\t\t\t\t\t\t<div class=\"elementor-container elementor-column-gap-default\">\n\t\t\t\t\t<div class=\"elementor-column elementor-col-50 elementor-top-column elementor-element elementor-element-jqfumjl\" data-id=\"jqfumjl\" data-element_type=\"column\">\n\t\t\t<div class=\"elementor-widget-wrap elementor-element-populated\">\n\t\t\t\t\t\t<div class=\"elementor-element elementor-element-docrolg elementor-widget elementor-widget-image\" data-id=\"docrolg\" data-element_type=\"widget\" data-widget_type=\"image.default\">\n\t\t\t\t<div class=\"elementor-widget-container\">\n\t\t\t\t\t\t\t\t\t\t\t\t\t<img decoding=\"async\" width=\"171\" height=\"124\" src=\"https:\/\/www.region-schwabach.de\/wordpress\/wp-content\/uploads\/2019\/03\/asiahouse.png\" class=\"attachment-medium size-medium wp-image-83820\" alt=\"\" \/>\t\t\t\t\t\t\t\t\t\t\t\t\t<\/div>\n\t\t\t\t<\/div>\n\t\t\t\t<div class=\"elementor-element elementor-element-qizxkwk elementor-widget elementor-widget-text-editor\" data-id=\"qizxkwk\" data-element_type=\"widget\" data-widget_type=\"text-editor.default\">\n\t\t\t\t<div class=\"elementor-widget-container\">\n\t\t\t\t\t\t\t<table><tbody><tr><td style=\"width: 40%;\"><span style=\"font-size: 12pt;\"><strong>Tag \/ Uhrzeit<\/strong><\/span><\/td><td style=\"width: 40%;\"><span style=\"font-size: 12pt;\"><strong>Angebot<\/strong><\/span><\/td><td><span style=\"font-size: 12pt;\"><strong>Preis<\/strong><\/span><\/td><\/tr><tr><td>\u00a0<\/td><td>\u00a0<\/td><td>\u00a0<\/td><\/tr><tr><td><span style=\"font-size: 12pt;\">Montag &#8211; Samstag <br \/>11.30 Uhr \u2013 14.30 Uhr<\/span><\/td><td><span style=\"font-size: 12pt;\">Asiatisches Mittagsbuffet<\/span><\/td><td><span style=\"font-size: 12pt;\">9,30 \u20ac (Erw.) <\/span><br \/><span style=\"font-size: 12pt;\">7,30 \u20ac (Kinder)<\/span><\/td><\/tr><\/tbody><\/table>\t\t\t\t\t\t<\/div>\n\t\t\t\t<\/div>\n\t\t\t\t<div class=\"elementor-element elementor-element-2zjlvnq elementor-widget-divider--view-line elementor-widget elementor-widget-divider\" data-id=\"2zjlvnq\" data-element_type=\"widget\" data-widget_type=\"divider.default\">\n\t\t\t\t<div class=\"elementor-widget-container\">\n\t\t\t\t\t<div class=\"elementor-divider\">\n\t\t\t<span class=\"elementor-divider-separator\">\n\t\t\t\t\t\t<\/span>\n\t\t<\/div>\n\t\t\t\t<\/div>\n\t\t\t\t<\/div>\n\t\t\t\t<div class=\"elementor-element elementor-element-bbwarjc elementor-widget elementor-widget-image\" data-id=\"bbwarjc\" data-element_type=\"widget\" data-widget_type=\"image.default\">\n\t\t\t\t<div class=\"elementor-widget-container\">\n\t\t\t\t\t\t\t\t\t\t\t\t\t<img fetchpriority=\"high\" decoding=\"async\" width=\"260\" height=\"242\" src=\"https:\/\/www.region-schwabach.de\/wordpress\/wp-content\/uploads\/2019\/03\/burgersgarten.png\" class=\"attachment-medium size-medium wp-image-83822\" alt=\"\" \/>\t\t\t\t\t\t\t\t\t\t\t\t\t<\/div>\n\t\t\t\t<\/div>\n\t\t\t\t<div class=\"elementor-element elementor-element-hihflrx elementor-widget elementor-widget-text-editor\" data-id=\"hihflrx\" data-element_type=\"widget\" data-widget_type=\"text-editor.default\">\n\t\t\t\t<div class=\"elementor-widget-container\">\n\t\t\t\t\t\t\t<table><tbody><tr><td style=\"width: 40%;\"><span style=\"font-size: 12pt;\"><strong>Tag \/ Uhrzeit<\/strong><\/span><\/td><td style=\"width: 40%;\"><span style=\"font-size: 12pt;\"><strong>Angebot<\/strong><\/span><\/td><td><span style=\"font-size: 12pt;\"><strong>Preis<\/strong><\/span><\/td><\/tr><tr><td>\u00a0<\/td><td>\u00a0<\/td><td>\u00a0<\/td><\/tr><tr><td><span style=\"font-size: 12pt;\">Montag<\/span><\/td><td><span style=\"font-size: 12pt;\">Jedes Schnitzel<\/span><\/td><td><span style=\"font-size: 12pt;\">6,00 \u20ac<\/span><\/td><\/tr><tr><td><span style=\"font-size: 12pt;\">Dienstag<\/span><\/td><td><span style=\"font-size: 12pt;\">Saure Zipfel mit Bauernbrot<\/span><\/td><td><span style=\"font-size: 12pt;\">6,00 \u20ac<\/span><\/td><\/tr><tr><td><span style=\"font-size: 12pt;\">Mittwoch<\/span><\/td><td><span style=\"font-size: 12pt;\">Leberk\u00e4se aus dem Ofen mit Kartoffelsalat<\/span><\/td><td><span style=\"font-size: 12pt;\">6,00 \u20ac<\/span><\/td><\/tr><tr><td><span style=\"font-size: 12pt;\">Donnerstag<\/span><\/td><td><span style=\"font-size: 12pt;\">Hackbraten mit Salzkartoffeln<\/span><\/td><td><span style=\"font-size: 12pt;\">6,00 \u20ac<\/span><\/td><\/tr><tr><td><span style=\"font-size: 12pt;\">Freitag<\/span><\/td><td>Schaschlik mit Pommes<\/td><td><span style=\"font-size: 12pt;\">6,00 \u20ac<\/span><\/td><\/tr><tr><td><span style=\"font-size: 12pt;\">Samstag<\/span><\/td><td><span style=\"font-size: 12pt;\">Gebratene Leber mit Kartoffelp\u00fcree<\/span><\/td><td><span style=\"font-size: 12pt;\">6,00 \u20ac<\/span><\/td><\/tr><tr><td><span style=\"font-size: 12pt;\">in unregelm\u00e4\u00dfigen Abst\u00e4nden<\/span><\/td><td><span style=\"font-size: 12pt;\">Sch\u00e4ufele-Wochende (Fr. + Sa.)<\/span><\/td><td><span style=\"font-size: 12pt;\">6,00 \u20ac<\/span><\/td><\/tr><\/tbody><\/table>\t\t\t\t\t\t<\/div>\n\t\t\t\t<\/div>\n\t\t\t\t<div class=\"elementor-element elementor-element-dvobed0 elementor-widget-divider--view-line elementor-widget elementor-widget-divider\" data-id=\"dvobed0\" data-element_type=\"widget\" data-widget_type=\"divider.default\">\n\t\t\t\t<div class=\"elementor-widget-container\">\n\t\t\t\t\t<div class=\"elementor-divider\">\n\t\t\t<span class=\"elementor-divider-separator\">\n\t\t\t\t\t\t<\/span>\n\t\t<\/div>\n\t\t\t\t<\/div>\n\t\t\t\t<\/div>\n\t\t\t\t<div class=\"elementor-element elementor-element-jeldpsi elementor-widget elementor-widget-image\" data-id=\"jeldpsi\" data-element_type=\"widget\" data-widget_type=\"image.default\">\n\t\t\t\t<div class=\"elementor-widget-container\">\n\t\t\t\t\t\t\t\t\t\t\t\t\t<img decoding=\"async\" width=\"300\" height=\"65\" src=\"https:\/\/www.region-schwabach.de\/wordpress\/wp-content\/uploads\/2019\/03\/doellinger-300x65.png\" class=\"attachment-medium size-medium wp-image-84144\" alt=\"\" \/>\t\t\t\t\t\t\t\t\t\t\t\t\t<\/div>\n\t\t\t\t<\/div>\n\t\t\t\t<div class=\"elementor-element elementor-element-qqftqsa elementor-widget elementor-widget-text-editor\" data-id=\"qqftqsa\" data-element_type=\"widget\" data-widget_type=\"text-editor.default\">\n\t\t\t\t<div class=\"elementor-widget-container\">\n\t\t\t\t\t\t\t<table><tbody><tr><td style=\"width: 40%;\"><span style=\"font-size: 12pt;\"><strong>Tag \/ Uhrzeit<\/strong><\/span><\/td><td style=\"width: 40%;\"><span style=\"font-size: 12pt;\"><strong>Angebot<\/strong><\/span><\/td><td><span style=\"font-size: 12pt;\"><strong>Preis<\/strong><\/span><\/td><\/tr><tr><td>\u00a0<\/td><td>\u00a0<\/td><td>\u00a0<\/td><\/tr><tr><td><span style=\"font-size: 12pt;\">Mittwoch<br \/>11.00 Uhr \u2013 20.30 Uhr<\/span><\/td><td><span style=\"font-size: 12pt;\">Leber-Essen (All you can eat)<\/span><\/td><td><span style=\"font-size: 12pt;\">7,90 \u20ac<\/span><\/td><\/tr><tr><td><span style=\"font-size: 12pt;\">Jeden 1. Donnerstag <br \/>und Freitag im Monat<\/span><\/td><td><span style=\"font-size: 12pt;\">Schlachtsch\u00fcssel<\/span><\/td><td>\u00a0<\/td><\/tr><tr><td><span style=\"font-size: 12pt;\">Donnerstag und Freitag<\/span><br \/><span style=\"font-size: 12pt;\">(wenn keine Schlachtsch\u00fcssel ist)<\/span><\/td><td><span style=\"font-size: 12pt;\">Schaschlik-Essen<\/span><\/td><td>\u00a0<\/td><\/tr><\/tbody><\/table>\t\t\t\t\t\t<\/div>\n\t\t\t\t<\/div>\n\t\t\t\t<div class=\"elementor-element elementor-element-8771nr1 elementor-widget-divider--view-line elementor-widget elementor-widget-divider\" data-id=\"8771nr1\" data-element_type=\"widget\" data-widget_type=\"divider.default\">\n\t\t\t\t<div class=\"elementor-widget-container\">\n\t\t\t\t\t<div class=\"elementor-divider\">\n\t\t\t<span class=\"elementor-divider-separator\">\n\t\t\t\t\t\t<\/span>\n\t\t<\/div>\n\t\t\t\t<\/div>\n\t\t\t\t<\/div>\n\t\t\t\t<div class=\"elementor-element elementor-element-zcbzbqy elementor-widget elementor-widget-image\" data-id=\"zcbzbqy\" data-element_type=\"widget\" data-widget_type=\"image.default\">\n\t\t\t\t<div class=\"elementor-widget-container\">\n\t\t\t\t\t\t\t\t\t\t\t\t\t<img loading=\"lazy\" decoding=\"async\" width=\"300\" height=\"86\" src=\"https:\/\/www.region-schwabach.de\/wordpress\/wp-content\/uploads\/2019\/03\/gartenlaube-300x86.png\" class=\"attachment-medium size-medium wp-image-83823\" alt=\"\" srcset=\"https:\/\/www.region-schwabach.de\/wordpress\/wp-content\/uploads\/2019\/03\/gartenlaube-300x86.png 300w, https:\/\/www.region-schwabach.de\/wordpress\/wp-content\/uploads\/2019\/03\/gartenlaube.png 415w\" sizes=\"(max-width: 300px) 100vw, 300px\" \/>\t\t\t\t\t\t\t\t\t\t\t\t\t<\/div>\n\t\t\t\t<\/div>\n\t\t\t\t<div class=\"elementor-element elementor-element-egrdqkc elementor-widget elementor-widget-text-editor\" data-id=\"egrdqkc\" data-element_type=\"widget\" data-widget_type=\"text-editor.default\">\n\t\t\t\t<div class=\"elementor-widget-container\">\n\t\t\t\t\t\t\t<table><tbody><tr><td style=\"width: 40%;\"><span style=\"font-size: 12pt;\"><strong>Tag \/ Uhrzeit<\/strong><\/span><\/td><td style=\"width: 40%;\"><span style=\"font-size: 12pt;\"><strong>Angebot<\/strong><\/span><\/td><td><span style=\"font-size: 12pt;\"><strong>Preis<\/strong><\/span><\/td><\/tr><tr><td>\u00a0<\/td><td>\u00a0<\/td><td>\u00a0<\/td><\/tr><tr><td><span style=\"font-size: 12pt;\">Montag<\/span><\/td><td><span style=\"font-size: 12pt;\">Schnitzeltag\u00a0(Verschiedene Schnitzelvariationen mit gemischtem Salat)<\/span><\/td><td><span style=\"font-size: 12pt;\">8,90 \u20ac<\/span><\/td><\/tr><\/tbody><\/table>\t\t\t\t\t\t<\/div>\n\t\t\t\t<\/div>\n\t\t\t\t<div class=\"elementor-element elementor-element-7wgpmy9 elementor-widget-divider--view-line elementor-widget elementor-widget-divider\" data-id=\"7wgpmy9\" data-element_type=\"widget\" data-widget_type=\"divider.default\">\n\t\t\t\t<div class=\"elementor-widget-container\">\n\t\t\t\t\t<div class=\"elementor-divider\">\n\t\t\t<span class=\"elementor-divider-separator\">\n\t\t\t\t\t\t<\/span>\n\t\t<\/div>\n\t\t\t\t<\/div>\n\t\t\t\t<\/div>\n\t\t\t\t<div class=\"elementor-element elementor-element-fxtfzfs elementor-widget elementor-widget-image\" data-id=\"fxtfzfs\" data-element_type=\"widget\" data-widget_type=\"image.default\">\n\t\t\t\t<div class=\"elementor-widget-container\">\n\t\t\t\t\t\t\t\t\t\t\t\t\t<img loading=\"lazy\" decoding=\"async\" width=\"300\" height=\"59\" src=\"https:\/\/www.region-schwabach.de\/wordpress\/wp-content\/uploads\/2019\/03\/sangam-india-300x59.png\" class=\"attachment-medium size-medium wp-image-84128\" alt=\"\" \/>\t\t\t\t\t\t\t\t\t\t\t\t\t<\/div>\n\t\t\t\t<\/div>\n\t\t\t\t<div class=\"elementor-element elementor-element-jaxafdl elementor-widget elementor-widget-text-editor\" data-id=\"jaxafdl\" data-element_type=\"widget\" data-widget_type=\"text-editor.default\">\n\t\t\t\t<div class=\"elementor-widget-container\">\n\t\t\t\t\t\t\t<table><tbody><tr><td style=\"width: 40%;\"><span style=\"font-size: 12pt;\"><strong>Tag \/ Uhrzeit<\/strong><\/span><\/td><td style=\"width: 40%;\"><span style=\"font-size: 12pt;\"><strong>Angebot<\/strong><\/span><\/td><td><span style=\"font-size: 12pt;\"><strong>Preis<\/strong><\/span><\/td><\/tr><tr><td>\u00a0<\/td><td>\u00a0<\/td><td>\u00a0<\/td><\/tr><tr><td><span style=\"font-size: 12pt;\">Dienstag &#8211; Freitag <br \/>11.30 Uhr \u2013 14.00 Uhr<\/span><\/td><td><span style=\"font-size: 12pt;\">Mittagsmen\u00fcs, Hauptspeise inklusive Suppe oder Salat<\/span><\/td><td><span style=\"font-size: 12pt;\">ab 5,50 \u20ac<\/span><\/td><\/tr><\/tbody><\/table>\t\t\t\t\t\t<\/div>\n\t\t\t\t<\/div>\n\t\t\t\t<div class=\"elementor-element elementor-element-kqgmo93 elementor-widget-divider--view-line elementor-widget elementor-widget-divider\" data-id=\"kqgmo93\" data-element_type=\"widget\" data-widget_type=\"divider.default\">\n\t\t\t\t<div class=\"elementor-widget-container\">\n\t\t\t\t\t<div class=\"elementor-divider\">\n\t\t\t<span class=\"elementor-divider-separator\">\n\t\t\t\t\t\t<\/span>\n\t\t<\/div>\n\t\t\t\t<\/div>\n\t\t\t\t<\/div>\n\t\t\t\t<div class=\"elementor-element elementor-element-efguamm elementor-widget elementor-widget-image\" data-id=\"efguamm\" data-element_type=\"widget\" data-widget_type=\"image.default\">\n\t\t\t\t<div class=\"elementor-widget-container\">\n\t\t\t\t\t\t\t\t\t\t\t\t\t<img loading=\"lazy\" decoding=\"async\" width=\"258\" height=\"85\" src=\"https:\/\/www.region-schwabach.de\/wordpress\/wp-content\/uploads\/2019\/03\/sunlight-restaurant-sushi-bar.jpg\" class=\"attachment-medium size-medium wp-image-84133\" alt=\"\" \/>\t\t\t\t\t\t\t\t\t\t\t\t\t<\/div>\n\t\t\t\t<\/div>\n\t\t\t\t<div class=\"elementor-element elementor-element-hpgttic elementor-widget elementor-widget-text-editor\" data-id=\"hpgttic\" data-element_type=\"widget\" data-widget_type=\"text-editor.default\">\n\t\t\t\t<div class=\"elementor-widget-container\">\n\t\t\t\t\t\t\t<table><tbody><tr><td style=\"width: 40%;\"><span style=\"font-size: 12pt;\"><strong>Tag \/ Uhrzeit<\/strong><\/span><\/td><td style=\"width: 40%;\"><span style=\"font-size: 12pt;\"><strong>Angebot<\/strong><\/span><\/td><td><span style=\"font-size: 12pt;\"><strong>Preis<\/strong><\/span><\/td><\/tr><tr><td>\u00a0<\/td><td>\u00a0<\/td><td>\u00a0<\/td><\/tr><tr><td><span style=\"font-size: 12pt;\">Dienstag &#8211; Samstag <br \/>11.30 Uhr \u2013 14.30 Uhr<\/span><\/td><td><span style=\"font-size: 12pt;\">Mittagsmen\u00fcs, Hauptspeise inklusive Fr\u00fchlingsrolle oder Peking Suppe<\/span><\/td><td><span style=\"font-size: 12pt;\">ab 5,50 \u20ac<\/span><\/td><\/tr><\/tbody><\/table>\t\t\t\t\t\t<\/div>\n\t\t\t\t<\/div>\n\t\t\t\t<div class=\"elementor-element elementor-element-abqqdng elementor-widget-divider--view-line elementor-widget elementor-widget-divider\" data-id=\"abqqdng\" data-element_type=\"widget\" data-widget_type=\"divider.default\">\n\t\t\t\t<div class=\"elementor-widget-container\">\n\t\t\t\t\t<div class=\"elementor-divider\">\n\t\t\t<span class=\"elementor-divider-separator\">\n\t\t\t\t\t\t<\/span>\n\t\t<\/div>\n\t\t\t\t<\/div>\n\t\t\t\t<\/div>\n\t\t\t\t<div class=\"elementor-element elementor-element-xcmhhan elementor-widget elementor-widget-image\" data-id=\"xcmhhan\" data-element_type=\"widget\" data-widget_type=\"image.default\">\n\t\t\t\t<div class=\"elementor-widget-container\">\n\t\t\t\t\t\t\t\t\t\t\t\t\t<img loading=\"lazy\" decoding=\"async\" width=\"300\" height=\"88\" src=\"https:\/\/www.region-schwabach.de\/wordpress\/wp-content\/uploads\/2019\/03\/thai-food-300x88.jpg\" class=\"attachment-medium size-medium wp-image-83824\" alt=\"\" srcset=\"https:\/\/www.region-schwabach.de\/wordpress\/wp-content\/uploads\/2019\/03\/thai-food-300x88.jpg 300w, https:\/\/www.region-schwabach.de\/wordpress\/wp-content\/uploads\/2019\/03\/thai-food.jpg 488w\" sizes=\"(max-width: 300px) 100vw, 300px\" \/>\t\t\t\t\t\t\t\t\t\t\t\t\t<\/div>\n\t\t\t\t<\/div>\n\t\t\t\t<div class=\"elementor-element elementor-element-ktkhcwp elementor-widget elementor-widget-text-editor\" data-id=\"ktkhcwp\" data-element_type=\"widget\" data-widget_type=\"text-editor.default\">\n\t\t\t\t<div class=\"elementor-widget-container\">\n\t\t\t\t\t\t\t<table style=\"height: 86px;\"><tbody><tr style=\"height: 21px;\"><td style=\"width: 241.333px; height: 21px;\"><span style=\"font-size: 12pt;\"><strong>Tag \/ Uhrzeit<\/strong><\/span><\/td><td style=\"width: 241.333px; height: 21px;\"><span style=\"font-size: 12pt;\"><strong>Angebot<\/strong><\/span><\/td><td style=\"height: 21px; width: 118.667px;\"><span style=\"font-size: 12pt;\"><strong>Preis<\/strong><\/span><\/td><\/tr><tr style=\"height: 21px;\"><td style=\"height: 21px; width: 241.333px;\">\u00a0<\/td><td style=\"height: 21px; width: 241.333px;\">\u00a0<\/td><td style=\"height: 21px; width: 118.667px;\">\u00a0<\/td><\/tr><tr style=\"height: 44px;\"><td style=\"height: 44px; width: 241.333px;\"><span style=\"font-size: 12pt;\">Montag &#8211; Freitag <br \/>11.00 Uhr \u2013 14.00 Uhr<\/span><\/td><td style=\"height: 44px; width: 241.333px;\"><span style=\"font-size: 12pt;\">Mittagsmen\u00fcs<\/span><\/td><td style=\"height: 44px; width: 118.667px;\"><span style=\"font-size: 12pt;\">ab 6,00 \u20ac<\/span><\/td><\/tr><\/tbody><\/table>\t\t\t\t\t\t<\/div>\n\t\t\t\t<\/div>\n\t\t\t\t<div class=\"elementor-element elementor-element-rhi3pa9 elementor-widget-divider--view-line elementor-widget elementor-widget-divider\" data-id=\"rhi3pa9\" data-element_type=\"widget\" data-widget_type=\"divider.default\">\n\t\t\t\t<div class=\"elementor-widget-container\">\n\t\t\t\t\t<div class=\"elementor-divider\">\n\t\t\t<span class=\"elementor-divider-separator\">\n\t\t\t\t\t\t<\/span>\n\t\t<\/div>\n\t\t\t\t<\/div>\n\t\t\t\t<\/div>\n\t\t\t\t<div class=\"elementor-element elementor-element-ygcxwkm elementor-widget elementor-widget-image\" data-id=\"ygcxwkm\" data-element_type=\"widget\" data-widget_type=\"image.default\">\n\t\t\t\t<div class=\"elementor-widget-container\">\n\t\t\t\t\t\t\t\t\t\t\t\t\t<img loading=\"lazy\" decoding=\"async\" width=\"300\" height=\"209\" src=\"https:\/\/www.region-schwabach.de\/wordpress\/wp-content\/uploads\/2019\/03\/wilhelm-tell-300x209.jpg\" class=\"attachment-medium size-medium wp-image-84135\" alt=\"\" srcset=\"https:\/\/www.region-schwabach.de\/wordpress\/wp-content\/uploads\/2019\/03\/wilhelm-tell-300x209.jpg 300w, https:\/\/www.region-schwabach.de\/wordpress\/wp-content\/uploads\/2019\/03\/wilhelm-tell.jpg 499w\" sizes=\"(max-width: 300px) 100vw, 300px\" \/>\t\t\t\t\t\t\t\t\t\t\t\t\t<\/div>\n\t\t\t\t<\/div>\n\t\t\t\t<div class=\"elementor-element elementor-element-eaulxdi elementor-widget elementor-widget-text-editor\" data-id=\"eaulxdi\" data-element_type=\"widget\" data-widget_type=\"text-editor.default\">\n\t\t\t\t<div class=\"elementor-widget-container\">\n\t\t\t\t\t\t\t<table><tbody><tr><td style=\"width: 40%;\"><span style=\"font-size: 12pt;\"><strong>Tag \/ Uhrzeit<\/strong><\/span><\/td><td style=\"width: 40%;\"><span style=\"font-size: 12pt;\"><strong>Angebot<\/strong><\/span><\/td><td><span style=\"font-size: 12pt;\"><strong>Preis<\/strong><\/span><\/td><\/tr><tr><td>\u00a0<\/td><td>\u00a0<\/td><td>\u00a0<\/td><\/tr><tr><td><span style=\"font-size: 12pt;\">Dienstag ab 11.00 Uhr<\/span><\/td><td><span style=\"font-size: 12pt;\">Gebratener Leberk\u00e4se mit selbstgemachtem Kartoffelsalat und Spiegelei<\/span><\/td><td>\u00a0<\/td><\/tr><tr><td><span style=\"font-size: 12pt;\">Mittwoch ab 11.00 Uhr<\/span><\/td><td><span style=\"font-size: 12pt;\">Schaschlik mit hausgemachter pikanter So\u00dfe und Pommes<\/span><\/td><td>\u00a0<\/td><\/tr><tr><td><span style=\"font-size: 12pt;\">Donnerstag ab 11.00 Uhr<\/span><\/td><td><span style=\"font-size: 12pt;\">W\u00f6chentlich wechselnde Gerichte<\/span><\/td><td>\u00a0<\/td><\/tr><tr><td><span style=\"font-size: 12pt;\">Freitag ab 11.00 Uhr<\/span><\/td><td><span style=\"font-size: 12pt;\">Seelachsfilet mit selbstgemachtem Kartoffelsalat und gemischtem Salat<\/span><\/td><td>\u00a0<\/td><\/tr><\/tbody><\/table>\t\t\t\t\t\t<\/div>\n\t\t\t\t<\/div>\n\t\t\t\t<div class=\"elementor-element elementor-element-rc7xiqa elementor-widget-divider--view-line elementor-widget elementor-widget-divider\" data-id=\"rc7xiqa\" data-element_type=\"widget\" data-widget_type=\"divider.default\">\n\t\t\t\t<div class=\"elementor-widget-container\">\n\t\t\t\t\t<div class=\"elementor-divider\">\n\t\t\t<span class=\"elementor-divider-separator\">\n\t\t\t\t\t\t<\/span>\n\t\t<\/div>\n\t\t\t\t<\/div>\n\t\t\t\t<\/div>\n\t\t\t\t<div class=\"elementor-element elementor-element-pjmirul elementor-widget elementor-widget-image\" data-id=\"pjmirul\" data-element_type=\"widget\" data-widget_type=\"image.default\">\n\t\t\t\t<div class=\"elementor-widget-container\">\n\t\t\t\t\t\t\t\t\t\t\t\t\t<img loading=\"lazy\" decoding=\"async\" width=\"300\" height=\"70\" src=\"https:\/\/www.region-schwabach.de\/wordpress\/wp-content\/uploads\/2019\/03\/zum-goldenen-drachen-300x70.jpg\" class=\"attachment-medium size-medium wp-image-83825\" alt=\"\" srcset=\"https:\/\/www.region-schwabach.de\/wordpress\/wp-content\/uploads\/2019\/03\/zum-goldenen-drachen-300x70.jpg 300w, https:\/\/www.region-schwabach.de\/wordpress\/wp-content\/uploads\/2019\/03\/zum-goldenen-drachen-768x180.jpg 768w, https:\/\/www.region-schwabach.de\/wordpress\/wp-content\/uploads\/2019\/03\/zum-goldenen-drachen-1024x240.jpg 1024w, https:\/\/www.region-schwabach.de\/wordpress\/wp-content\/uploads\/2019\/03\/zum-goldenen-drachen.jpg 1333w\" sizes=\"(max-width: 300px) 100vw, 300px\" \/>\t\t\t\t\t\t\t\t\t\t\t\t\t<\/div>\n\t\t\t\t<\/div>\n\t\t\t\t<div class=\"elementor-element elementor-element-bgkxjri elementor-widget elementor-widget-text-editor\" data-id=\"bgkxjri\" data-element_type=\"widget\" data-widget_type=\"text-editor.default\">\n\t\t\t\t<div class=\"elementor-widget-container\">\n\t\t\t\t\t\t\t<table><tbody><tr><td style=\"width: 40%;\"><span style=\"font-size: 12pt;\"><strong>Tag \/ Uhrzeit<\/strong><\/span><\/td><td style=\"width: 40%;\"><span style=\"font-size: 12pt;\"><strong>Angebot<\/strong><\/span><\/td><td><span style=\"font-size: 12pt;\"><strong>Preis<\/strong><\/span><\/td><\/tr><tr><td>\u00a0<\/td><td>\u00a0<\/td><td>\u00a0<\/td><\/tr><tr><td><span style=\"font-size: 12pt;\">Montag &#8211; Samstag von 11.30 Uhr \u2013 14.30 Uhr<\/span><\/td><td><span style=\"font-size: 12pt;\">Mittagsmen\u00fcs, Hauptspeise inklusive Fr\u00fchlingsrolle oder Peking Suppe<\/span><\/td><td><span style=\"font-size: 12pt;\">ab 5,50 \u20ac<\/span><\/td><\/tr><\/tbody><\/table>\t\t\t\t\t\t<\/div>\n\t\t\t\t<\/div>\n\t\t\t\t\t<\/div>\n\t\t<\/div>\n\t\t\t\t<div class=\"elementor-column elementor-col-50 elementor-top-column elementor-element elementor-element-xpelxhq\" data-id=\"xpelxhq\" data-element_type=\"column\">\n\t\t\t<div class=\"elementor-widget-wrap elementor-element-populated\">\n\t\t\t\t\t\t<div class=\"elementor-element elementor-element-xkadvco elementor-widget elementor-widget-image\" data-id=\"xkadvco\" data-element_type=\"widget\" data-widget_type=\"image.default\">\n\t\t\t\t<div class=\"elementor-widget-container\">\n\t\t\t\t\t\t\t\t\t\t\t\t\t\t<a href=\"http:\/\/www.region-schwabach.de\/wordpress\/werben-auf-region-schwabach\/\" target=\"_blank\">\n\t\t\t\t\t\t\t<img loading=\"lazy\" decoding=\"async\" width=\"1024\" height=\"1024\" src=\"https:\/\/www.region-schwabach.de\/wordpress\/wp-content\/uploads\/2017\/06\/werbung8-1024x1024.png\" class=\"attachment-large size-large wp-image-2484\" alt=\"\" srcset=\"https:\/\/www.region-schwabach.de\/wordpress\/wp-content\/uploads\/2017\/06\/werbung8-1024x1024.png 1024w, https:\/\/www.region-schwabach.de\/wordpress\/wp-content\/uploads\/2017\/06\/werbung8-150x150.png 150w, https:\/\/www.region-schwabach.de\/wordpress\/wp-content\/uploads\/2017\/06\/werbung8-300x300.png 300w, https:\/\/www.region-schwabach.de\/wordpress\/wp-content\/uploads\/2017\/06\/werbung8-768x768.png 768w, https:\/\/www.region-schwabach.de\/wordpress\/wp-content\/uploads\/2017\/06\/werbung8-600x600.png 600w, https:\/\/www.region-schwabach.de\/wordpress\/wp-content\/uploads\/2017\/06\/werbung8.png 1200w\" sizes=\"(max-width: 1024px) 100vw, 1024px\" \/>\t\t\t\t\t\t\t\t<\/a>\n\t\t\t\t\t\t\t\t\t\t\t\t\t<\/div>\n\t\t\t\t<\/div>\n\t\t\t\t\t<\/div>\n\t\t<\/div>\n\t\t\t\t\t<\/div>\n\t\t<\/section>\n\t\t\t\t<\/div>\n\t\t","protected":false},"excerpt":{"rendered":"<div class=\"mh-excerpt\"><p>Tag \/ Uhrzeit Angebot Preis \u00a0 \u00a0 \u00a0 Montag &#8211; Samstag 11.30 Uhr \u2013 14.30 Uhr Asiatisches Mittagsbuffet 9,30 \u20ac (Erw.) 7,30 \u20ac (Kinder) Tag \/ Uhrzeit Angebot Preis \u00a0 \u00a0 \u00a0 Montag Jedes Schnitzel <a class=\"mh-excerpt-more\" href=\"https:\/\/www.region-schwabach.de\/wordpress\/gastronomie\/restaurant-angebote\/\" title=\"Restaurant-Angebote\">[&#8230;]<\/a><\/p>\n<\/div>","protected":false},"author":1,"featured_media":0,"parent":231,"menu_order":0,"comment_status":"closed","ping_status":"closed","template":"","meta":{"_cbd_carousel_blocks":"[]","footnotes":""},"class_list":["post-3138","page","type-page","status-publish"],"_links":{"self":[{"href":"https:\/\/www.region-schwabach.de\/wordpress\/wp-json\/wp\/v2\/pages\/3138","targetHints":{"allow":["GET"]}}],"collection":[{"href":"https:\/\/www.region-schwabach.de\/wordpress\/wp-json\/wp\/v2\/pages"}],"about":[{"href":"https:\/\/www.region-schwabach.de\/wordpress\/wp-json\/wp\/v2\/types\/page"}],"author":[{"embeddable":true,"href":"https:\/\/www.region-schwabach.de\/wordpress\/wp-json\/wp\/v2\/users\/1"}],"replies":[{"embeddable":true,"href":"https:\/\/www.region-schwabach.de\/wordpress\/wp-json\/wp\/v2\/comments?post=3138"}],"version-history":[{"count":0,"href":"https:\/\/www.region-schwabach.de\/wordpress\/wp-json\/wp\/v2\/pages\/3138\/revisions"}],"up":[{"embeddable":true,"href":"https:\/\/www.region-schwabach.de\/wordpress\/wp-json\/wp\/v2\/pages\/231"}],"wp:attachment":[{"href":"https:\/\/www.region-schwabach.de\/wordpress\/wp-json\/wp\/v2\/media?parent=3138"}],"curies":[{"name":"wp","href":"https:\/\/api.w.org\/{rel}","templated":true}]}}