{"id":62,"date":"2017-04-14T11:56:52","date_gmt":"2017-04-14T09:56:52","guid":{"rendered":"http:\/\/www.region-schwabach.de\/wordpress\/?page_id=62"},"modified":"2018-10-03T22:05:11","modified_gmt":"2018-10-03T20:05:11","slug":"werben-auf-region-schwabach-de","status":"publish","type":"page","link":"https:\/\/www.region-schwabach.de\/wordpress\/region-schwabach-de\/werben-auf-region-schwabach-de\/","title":{"rendered":"Werben auf &#8222;region-schwabach.de&#8220;"},"content":{"rendered":"\t\t<div data-elementor-type=\"wp-post\" data-elementor-id=\"62\" class=\"elementor elementor-62 elementor-bc-flex-widget\">\n\t\t\t\t\t\t<section class=\"elementor-section elementor-top-section elementor-element elementor-element-044a621 elementor-section-boxed elementor-section-height-default elementor-section-height-default\" data-id=\"044a621\" data-element_type=\"section\">\n\t\t\t\t\t\t<div class=\"elementor-container elementor-column-gap-default\">\n\t\t\t\t\t<div class=\"elementor-column elementor-col-100 elementor-top-column elementor-element elementor-element-0dfd641\" data-id=\"0dfd641\" data-element_type=\"column\">\n\t\t\t<div class=\"elementor-widget-wrap elementor-element-populated\">\n\t\t\t\t\t\t<div class=\"elementor-element elementor-element-892b71a elementor-widget-divider--view-line elementor-widget elementor-widget-divider\" data-id=\"892b71a\" data-element_type=\"widget\" data-widget_type=\"divider.default\">\n\t\t\t\t<div class=\"elementor-widget-container\">\n\t\t\t\t\t<div class=\"elementor-divider\">\n\t\t\t<span class=\"elementor-divider-separator\">\n\t\t\t\t\t\t<\/span>\n\t\t<\/div>\n\t\t\t\t<\/div>\n\t\t\t\t<\/div>\n\t\t\t\t<div class=\"elementor-element elementor-element-fa99341 elementor-widget elementor-widget-text-editor\" data-id=\"fa99341\" data-element_type=\"widget\" data-widget_type=\"text-editor.default\">\n\t\t\t\t<div class=\"elementor-widget-container\">\n\t\t\t\t\t\t\t<h2 style=\"padding-left: 150px;\"><span style=\"color: #808080;\">Werben und Pr\u00e4sentieren auf region-schwabach.de &#8230;<\/span><\/h2>\t\t\t\t\t\t<\/div>\n\t\t\t\t<\/div>\n\t\t\t\t<div class=\"elementor-element elementor-element-ff55c00 elementor-widget elementor-widget-image\" data-id=\"ff55c00\" data-element_type=\"widget\" data-widget_type=\"image.default\">\n\t\t\t\t<div class=\"elementor-widget-container\">\n\t\t\t\t\t\t\t\t\t\t\t\t\t<img fetchpriority=\"high\" decoding=\"async\" width=\"728\" height=\"90\" src=\"https:\/\/www.region-schwabach.de\/wordpress\/wp-content\/uploads\/2018\/08\/728x90_logo_neu.jpg\" class=\"attachment-full size-full wp-image-52334\" alt=\"\" srcset=\"https:\/\/www.region-schwabach.de\/wordpress\/wp-content\/uploads\/2018\/08\/728x90_logo_neu.jpg 728w, https:\/\/www.region-schwabach.de\/wordpress\/wp-content\/uploads\/2018\/08\/728x90_logo_neu-300x37.jpg 300w\" sizes=\"(max-width: 728px) 100vw, 728px\" \/>\t\t\t\t\t\t\t\t\t\t\t\t\t<\/div>\n\t\t\t\t<\/div>\n\t\t\t\t<div class=\"elementor-element elementor-element-5e2cc8b elementor-widget elementor-widget-text-editor\" data-id=\"5e2cc8b\" data-element_type=\"widget\" data-widget_type=\"text-editor.default\">\n\t\t\t\t<div class=\"elementor-widget-container\">\n\t\t\t\t\t\t\t<h2 style=\"padding-left: 150px; text-align: left;\"><span style=\"color: #808080;\">\u00a0 \u00a0 \u00a0 \u00a0 \u00a0 \u00a0 \u00a0 \u00a0 \u00a0 \u00a0 \u00a0 \u00a0 \u00a0 \u00a0 \u00a0 \u00a0 \u00a0 \u00a0 \u00a0 \u00a0 \u00a0 \u00a0 \u00a0 \u00a0 &#8230; regional, erfolgreich und g\u00fcnstig<\/span><\/h2>\t\t\t\t\t\t<\/div>\n\t\t\t\t<\/div>\n\t\t\t\t<div class=\"elementor-element elementor-element-6dfa373 elementor-widget-divider--view-line elementor-widget elementor-widget-divider\" data-id=\"6dfa373\" data-element_type=\"widget\" data-widget_type=\"divider.default\">\n\t\t\t\t<div class=\"elementor-widget-container\">\n\t\t\t\t\t<div class=\"elementor-divider\">\n\t\t\t<span class=\"elementor-divider-separator\">\n\t\t\t\t\t\t<\/span>\n\t\t<\/div>\n\t\t\t\t<\/div>\n\t\t\t\t<\/div>\n\t\t\t\t\t<\/div>\n\t\t<\/div>\n\t\t\t\t\t<\/div>\n\t\t<\/section>\n\t\t\t\t<section class=\"elementor-section elementor-top-section elementor-element elementor-element-qqjrt4n elementor-section-boxed elementor-section-height-default elementor-section-height-default\" data-id=\"qqjrt4n\" data-element_type=\"section\">\n\t\t\t\t\t\t<div class=\"elementor-container elementor-column-gap-default\">\n\t\t\t\t\t<div class=\"elementor-column elementor-col-100 elementor-top-column elementor-element elementor-element-bh4gcz6\" data-id=\"bh4gcz6\" data-element_type=\"column\">\n\t\t\t<div class=\"elementor-widget-wrap elementor-element-populated\">\n\t\t\t\t\t\t<div class=\"elementor-element elementor-element-70d246b elementor-widget elementor-widget-text-editor\" data-id=\"70d246b\" data-element_type=\"widget\" data-widget_type=\"text-editor.default\">\n\t\t\t\t<div class=\"elementor-widget-container\">\n\t\t\t\t\t\t\t<table style=\"width: 100%; border-collapse: collapse;\" border=\"1\"><tbody><tr><td style=\"width: 25%;\"><a href=\"http:\/\/www.region-schwabach.de\/wordpress\/wp-content\/uploads\/2018\/09\/herzlich-willkommen1-e1537861716756.jpg\"><img decoding=\"async\" class=\"alignnone wp-image-57609 size-full\" src=\"http:\/\/www.region-schwabach.de\/wordpress\/wp-content\/uploads\/2018\/09\/herzlich-willkommen1-e1537861716756.jpg\" alt=\"\" width=\"960\" height=\"638\" \/><\/a><\/td><td style=\"width: 75%; vertical-align: middle;\"><h3>Herzlich Willkommen<\/h3><p>Vielen Dank f\u00fcr Ihr Interesse am Regional- und Stadtportal &#8222;region-schwabach.de&#8220; als Werbepartner f\u00fcr Ihr Unternehmen. Mit inzwischen mehr als 1.500 Seitenaufrufen t\u00e4glich ist das Portal f\u00fcr alle Unternehmen der Region eine gute M\u00f6glichkeit, um sich erfolgreich und g\u00fcnstig zu pr\u00e4sentieren.<\/p><\/td><\/tr><tr><td style=\"width: 25%;\"><a href=\"http:\/\/www.region-schwabach.de\/wordpress\/wp-content\/uploads\/2018\/09\/logo_einfach.png\"><img decoding=\"async\" class=\"alignnone wp-image-57622 size-full\" src=\"http:\/\/www.region-schwabach.de\/wordpress\/wp-content\/uploads\/2018\/09\/logo_einfach.png\" alt=\"\" width=\"385\" height=\"168\" srcset=\"https:\/\/www.region-schwabach.de\/wordpress\/wp-content\/uploads\/2018\/09\/logo_einfach.png 385w, https:\/\/www.region-schwabach.de\/wordpress\/wp-content\/uploads\/2018\/09\/logo_einfach-300x131.png 300w\" sizes=\"(max-width: 385px) 100vw, 385px\" \/><\/a><\/td><td style=\"width: 75%; vertical-align: middle;\"><h3>region-schwabach.de<\/h3><p>Das Online-Portal berichtet dabei nicht nur \u00fcber das Leben und die Wirtschaft in der Stadt, es bietet seinen Besuchern auch viele zus\u00e4tzliche Service-Elemente (z. B. Verlosungen, einen umfangreichen Veranstaltungskalender, ein Branchenbuch, Einkaufstipps, usw.). Erg\u00e4nzt wird der Onlineauftritt durch die Facebook-Pr\u00e4senz unter <a class=\"moz-txt-link-abbreviated\" href=\"http:\/\/www.facebook.com\/RegionSchwabach\">www.facebook.com\/RegionSchwabach<\/a>, durch die weitere Interessenten generiert werden.<\/p><\/td><\/tr><tr><td style=\"width: 25%;\"><a href=\"http:\/\/www.region-schwabach.de\/wordpress\/wp-content\/uploads\/2018\/09\/puzzle-e1537868953293.jpg\"><img loading=\"lazy\" decoding=\"async\" class=\"alignnone wp-image-57625 size-full\" src=\"http:\/\/www.region-schwabach.de\/wordpress\/wp-content\/uploads\/2018\/09\/puzzle-e1537868953293.jpg\" alt=\"\" width=\"960\" height=\"582\" \/><\/a><\/td><td style=\"width: 75%; vertical-align: middle;\"><h3>Zusammen sind wir stark<\/h3><p>Dank der tatkr\u00e4ftigen Unterst\u00fctzung von Unternehmen (vielleicht geh\u00f6ren ja auch Sie bald dazu) &#8211; die sich und ihre Produkte\/Dienstleistungen auf region-schwabach.de pr\u00e4sentieren &#8211; k\u00f6nnen wir ehrenamtlichen Institutionen (z. B. Kinderg\u00e4rten, Schulen, Vereinen, usw.) die M\u00f6glichkeit bieten, sich kostenlos auf unserem Stadt- und Regionalportal zu pr\u00e4sentieren.<\/p><\/td><\/tr><tr><td style=\"width: 25%;\"><a href=\"http:\/\/www.region-schwabach.de\/wordpress\/wp-content\/uploads\/2018\/09\/plus-zeichen-e1537870296650.png\"><img loading=\"lazy\" decoding=\"async\" class=\"alignnone wp-image-57629 size-full\" src=\"http:\/\/www.region-schwabach.de\/wordpress\/wp-content\/uploads\/2018\/09\/plus-zeichen-e1537870296650.png\" alt=\"\" width=\"960\" height=\"861\" \/><\/a><\/td><td style=\"width: 75%; vertical-align: middle;\"><h3>Redaktionelle Berichterstattung<\/h3><p>Weiterer Vorteil: region-schwabach.de berichtet auch in redaktioneller Form von und \u00fcber seine Partner-Unternehmen (z. B. in Form von Pressemitteilungen, Veranstaltungshinweisen, usw.).<\/p><p>Mit den vielf\u00e4ltigen Pr\u00e4sentations- und Werbem\u00f6glichkeiten f\u00fcr Ihr Unternehmen schlagen Sie zwei Fliegen mit einer Klappe:<\/p><ul style=\"list-style-type: disc;\"><li>Sie pr\u00e4sentieren sich und Ihr Unternehmen einpr\u00e4g- und werbewirksam in Schwabach und der Region,<\/li><li>und tragen mit Ihrer Unterst\u00fctzung auch dazu bei, da\u00df alle B\u00fcrger und B\u00fcrgerinnen weiterhin kostenlos \u00fcber das bunte Geschehen und das Leben in der Stadt und der Region informiert werden k\u00f6nnen.<\/li><\/ul><\/td><\/tr><tr><td style=\"width: 25%;\"><a href=\"http:\/\/www.region-schwabach.de\/wordpress\/wp-content\/uploads\/2018\/09\/best_price.jpg\"><img loading=\"lazy\" decoding=\"async\" class=\"alignnone wp-image-57610 size-full\" src=\"http:\/\/www.region-schwabach.de\/wordpress\/wp-content\/uploads\/2018\/09\/best_price-e1537862902197.jpg\" alt=\"\" width=\"960\" height=\"683\" \/><\/a><\/td><td style=\"width: 75%; vertical-align: middle;\"><h3>G\u00fcnstig und effektiv<\/h3><p>Schon ab 0,00 Euro pro Tag kann jedes Unternehmen aus der Region sich, seine Produkte oder Dienstleistungen z.B. im Branchenbuch pr\u00e4sentieren.<\/p><p>Aber z.B. auch Unternehmensportraits, klassische Banner oder Sponsoren-Partnerschaften sind weitere M\u00f6glichkeiten Ihr Unternehmen in den Fokus der Besucher zu r\u00fccken.<\/p><\/td><\/tr><tr><td style=\"width: 25%;\"><a href=\"http:\/\/www.region-schwabach.de\/wordpress\/wp-content\/uploads\/2018\/09\/info-e1537878382448.jpg\"><img loading=\"lazy\" decoding=\"async\" class=\"alignnone wp-image-57651 size-full\" src=\"http:\/\/www.region-schwabach.de\/wordpress\/wp-content\/uploads\/2018\/09\/info-e1537878382448.jpg\" alt=\"\" width=\"960\" height=\"960\" \/><\/a><\/td><td style=\"width: 75%; vertical-align: middle;\"><h3>Weitere Informationen gibt es hier:<\/h3><div><a href=\"https:\/\/www.region-schwabach.de\/wordpress\/region-schwabach-de\/werben-auf-region-schwabach-de\/branchenbucheintrag\/\" target=\"_blank\" rel=\"noopener\">Diese Branchenbucheintr\u00e4ge stehen zur Auswahl &#8230;<\/a><\/div><\/td><\/tr><tr><td style=\"width: 25%;\"><a href=\"http:\/\/www.region-schwabach.de\/wordpress\/wp-content\/uploads\/2018\/09\/fragezeichen.jpg\"><img loading=\"lazy\" decoding=\"async\" class=\"alignnone wp-image-57634 size-full\" src=\"http:\/\/www.region-schwabach.de\/wordpress\/wp-content\/uploads\/2018\/09\/fragezeichen.jpg\" alt=\"\" width=\"640\" height=\"512\" srcset=\"https:\/\/www.region-schwabach.de\/wordpress\/wp-content\/uploads\/2018\/09\/fragezeichen.jpg 640w, https:\/\/www.region-schwabach.de\/wordpress\/wp-content\/uploads\/2018\/09\/fragezeichen-300x240.jpg 300w\" sizes=\"(max-width: 640px) 100vw, 640px\" \/><\/a><\/td><td style=\"width: 75%; vertical-align: middle;\"><h3>Fragen, W\u00fcnsche, Anregungen oder Kritik?<\/h3><p>Noch Fragen oder W\u00fcnsche? Schicken Sie uns einfach eine Mail an <a class=\"moz-txt-link-abbreviated\" href=\"mailto:info@region-schwabach.de\">info@region-schwabach.de<\/a>\u00a0&#8211; oder kontaktieren Sie uns unter der Telefonnummer 09122-879400.<\/p><p><strong>Wir freuen uns auf Ihre Nachricht.<\/strong><\/p><\/td><\/tr><\/tbody><\/table>\t\t\t\t\t\t<\/div>\n\t\t\t\t<\/div>\n\t\t\t\t<div class=\"elementor-element elementor-element-5d9b0b8 elementor-widget elementor-widget-heading\" data-id=\"5d9b0b8\" data-element_type=\"widget\" data-widget_type=\"heading.default\">\n\t\t\t\t<div class=\"elementor-widget-container\">\n\t\t\t<h1 class=\"elementor-heading-title elementor-size-default\"><a href=\"https:\/\/www.region-schwabach.de\/wordpress\/region-schwabach-de\/werben-auf-region-schwabach-de\/branchenbucheintrag\/\" target=\"_blank\">Hier geht's weiter ...<\/a><\/h1>\t\t<\/div>\n\t\t\t\t<\/div>\n\t\t\t\t\t<\/div>\n\t\t<\/div>\n\t\t\t\t\t<\/div>\n\t\t<\/section>\n\t\t\t\t<\/div>\n\t\t","protected":false},"excerpt":{"rendered":"<div class=\"mh-excerpt\"><p>Werben und Pr\u00e4sentieren auf region-schwabach.de &#8230; \u00a0 \u00a0 \u00a0 \u00a0 \u00a0 \u00a0 \u00a0 \u00a0 \u00a0 \u00a0 \u00a0 \u00a0 \u00a0 \u00a0 \u00a0 \u00a0 \u00a0 \u00a0 \u00a0 \u00a0 \u00a0 \u00a0 \u00a0 \u00a0 &#8230; regional, erfolgreich und g\u00fcnstig <a class=\"mh-excerpt-more\" href=\"https:\/\/www.region-schwabach.de\/wordpress\/region-schwabach-de\/werben-auf-region-schwabach-de\/\" title=\"Werben auf &#8222;region-schwabach.de&#8220;\">[&#8230;]<\/a><\/p>\n<\/div>","protected":false},"author":1,"featured_media":0,"parent":52362,"menu_order":20,"comment_status":"closed","ping_status":"closed","template":"","meta":{"_cbd_carousel_blocks":"[]","footnotes":""},"class_list":["post-62","page","type-page","status-publish"],"_links":{"self":[{"href":"https:\/\/www.region-schwabach.de\/wordpress\/wp-json\/wp\/v2\/pages\/62","targetHints":{"allow":["GET"]}}],"collection":[{"href":"https:\/\/www.region-schwabach.de\/wordpress\/wp-json\/wp\/v2\/pages"}],"about":[{"href":"https:\/\/www.region-schwabach.de\/wordpress\/wp-json\/wp\/v2\/types\/page"}],"author":[{"embeddable":true,"href":"https:\/\/www.region-schwabach.de\/wordpress\/wp-json\/wp\/v2\/users\/1"}],"replies":[{"embeddable":true,"href":"https:\/\/www.region-schwabach.de\/wordpress\/wp-json\/wp\/v2\/comments?post=62"}],"version-history":[{"count":0,"href":"https:\/\/www.region-schwabach.de\/wordpress\/wp-json\/wp\/v2\/pages\/62\/revisions"}],"up":[{"embeddable":true,"href":"https:\/\/www.region-schwabach.de\/wordpress\/wp-json\/wp\/v2\/pages\/52362"}],"wp:attachment":[{"href":"https:\/\/www.region-schwabach.de\/wordpress\/wp-json\/wp\/v2\/media?parent=62"}],"curies":[{"name":"wp","href":"https:\/\/api.w.org\/{rel}","templated":true}]}}